remainder when 1193 is divided by 255.
173
What is the remainder when 663 is divided by 8?
7
Calculate the remainder when 25 is divided by 11.
3
Calculate the remainder when 2902 is divided by 153.
148
Calculate the remainder when 637 is divided by 11.
10
What is the remainder when 4742 is divided by 24?
14
Calculate the remainder when 86 is divided by 22.
20
What is the remainder when 102 is divided by 18?
12
What is the remainder when 3575 is divided by 224?
215
Calculate the remainder when 215 is divided by 65.
20
What is the remainder when 95 is divided by 33?
29
Calculate the remainder when 467 is divided by 43.
37
What is the remainder when 1518 is divided by 127?
121
Calculate the remainder when 1216 is divided by 129.
55
What is the remainder when 54 is divided by 22?
10
What is the remainder when 172 is divided by 87?
85
Calculate the remainder when 96 is divided by 20.
16
Calculate the remainder when 8359 is divided by 40.
39
What is the remainder when 1149 is divided by 513?
123
Calculate the remainder when 395 is divided by 12.
11
What is the remainder when 294 is divided by 23?
18
What is the remainder when 3478 is divided by 8?
6
What is the remainder when 2846 is divided by 114?
110
What is the remainder when 2778 is divided by 13?
9
What is the remainder when 164 is divided by 11?
10
Calculate the remainder when 694 is divided by 288.
118
What is the remainder when 702 is divided by 176?
174
Calculate the remainder when 566 is divided by 210.
146
What is the remainder when 341 is divided by 98?
47
Calculate the remainder when 184 is divided by 31.
29
Calculate the remainder when 490 is divided by 55.
50
What is the remainder when 195 is divided by 193?
2
Calculate the remainder when 351 is divided by 70.
1
Calculate the remainder when 3063 is divided by 93.
87
Calculate the remainder when 324 is divided by 48.
36
Calculate the remainder when 287 is divided by 32.
31
What is the remainder when 524 is divided by 67?
55
What is the remainder when 673 is divided by 147?
85
Calculate the remainder when 58 is divided by 4.
2
What is the remainder when 737 is divided by 44?
33
What is the remainder when 3005 is divided by 16?
13
What is the remainder when 740 is divided by 19?
18
What is the remainder when 5327 is divided by 148?
147
Calculate the remainder when 75 is divided by 25.
0
Calculate the remainder when 65878 is divided by 30.
28
What is the remainder when 28642 is divided by 28?
26
Calculate the remainder when 2570 is divided by 99.
95
What is the remainder when 78 is divided by 46?
32
Calculate the remainder when 596 is divided by 122.
108
Calculate the remainder when 788 is divided by 27.
5
Calculate the remainder when 478 is divided by 30.
28
Calculate the remainder when 350 is divided by 32.
30
Calculate the remainder when 11171 is divided by 81.
74
What is the remainder when 1423 is divided by 89?
88
What is the remainder when 131 is divided by 35?
26
Calculate the remainder when 2515 is divided by 208.
19
What is the remainder when 78 is divided by 7?
1
Calculate the remainder when 69 is divided by 24.
21
What is the remainder when 457 is divided by 80?
57
Calculate the remainder when 180 is divided by 168.
12
Calculate the remainder when 900 is divided by 34.
16
What is the remainder when 2088 is divided by 51?
48
What is the remainder when 114 is divided by 30?
24
Calculate the remainder when 154 is divided by 31.
30
Calculate the remainder when 758 is divided by 14.
2
Calculate the remainder when 31497 is divided by 125.
122
What is the remainder when 955 is divided by 123?
94
Calculate the remainder when 111 is divided by 86.
25
Calculate the remainder when 28301 is divided by 159.
158
Calculate the remainder when 71 is divided by 18.
17
Calculate the remainder when 72 is divided by 22.
6
Calculate the remainder when 1648 is divided by 66.
64
What is the remainder when 229 is divided by 105?
19
Calculate the remainder when 1291 is divided by 639.
13
What is the remainder when 303 is divided by 34?
31
What is the remainder when 366 is divided by 74?
70
What is the remainder when 892 is divided by 49?
10
What is the remainder when 48 is divided by 14?
6
Calculate the remainder when 404 is divided by 59.
50
What is the remainder when 761 is divided by 92?
25
What is the remainder when 410 is divided by 23?
19
Calculate the remainder when 212 is divided by 36.
32
What is the remainder when 1074 is divided by 31?
20
What is the remainder when 814 is divided by 116?
2
Calculate the remainder when 66 is divided by 10.
6
Calculate the remainder when 494 is divided by 54.
8
Calculate the remainder when 69 is divided by 13.
4
What is the remainder when 51 is divided by 44?
7
What is the remainder when 286 is divided by 80?
46
What is the remainder when 7610 is divided by 44?
42
What is the remainder when 4284 is divided by 10?
4
What is the remainder when 83 is divided by 34?
15
Calculate the remainder when 478 is divided by 13.
10
What is the remainder when 32382 is divided by 15?
12
What is the remainder when 194 is divided by 18?
14
What is the remainder when 238 is divided by 24?
22
Calculate the remainder when 652 is divided by 221.
210
Calculate the remainder when 1714 is divided by 195.
154
What is the remainder when 801 is divided by 67?
64
Calculate the remainder when 206 is divided by 8.
6
Calculate the remainder when 546 is divided by 367.
179
What is the remainder when 1833 is divided by 36?
33
Calculate the remainder when 83 is divided by 76.
7
Calculate the remainder when 358 is divided by 45.
43
What is the remainder when 1491 is divided by 58?
41
What is the remainder when 111 is divided by 105?
6
What is the remainder when 262 is divided by 87?
1
Calculate the remainder when 383 is divided by 43.
39
Calculate the remainder when 2289 is divided by 33.
12
Calculate the remainder when 5774 is divided by 152.
150
What is the remainder when 7650 is divided by 44?
38
Calculate the remainder when 185 is divided by 86.
13
Calculate the remainder when 300 is divided by 48.
12
Calculate the remainder when 226 is divided by 58.
52
Calculate the remainder when 3778 is divided by 84.
82
Calculate the remainder when 166 is divided by 105.
61
What is the remainder when 281 is divided by 24?
17
Calculate the remainder when 213 is divided by 13.
5
Calculate the remainder when 11660 is divided by 169.
168
What is the remainder when 1790 is divided by 128?
126
Calculate the remainder when 594 is divided by 98.
6
What is the remainder when 16408 is divided by 30?
28
Calculate the remainder when 3631 is divided by 104.
95
Calculate the remainder when 5452 is divided by 31.
27
What is the remainder when 2145 is divided by 308?
297
What is the remainder when 145 is divided by 80?
65
What is the remainder when 348 is divided by 25?
23
What is the remainder when 627 is divided by 1?
0
Calculate the remainder when 1852 is divided by 6.
4
Calculate the remainder when 47 is divided by 10.
7
Calculate the remainder when 804 is divided by 198.
12
What is the remainder when 407 is divided by 24?
23
Calculate the remainder when 5068 is divided by 22.
8
Calculate the remainder when 27 is divided by 8.
3
Calculate the remainder when 456 is divided by 3.
0
Calculate the remainder when 909 is divided by 12.
9
What is the remainder when 2297 is divided by 115?
112
What is the remainder when 597 is divided by 247?
103
What is the remainder when 119 is divided by 42?
35
What is the remainder when 840 is divided by 84?
0
What is the remainder when 946 is divided by 39?
10
What is the remainder when 41 is divided by 30?
11
Calculate the remainder when 1479 is divided by 418.
225
Calculate the remainder when 189 is divided by 57.
18
Calculate the remainder when 927 is divided by 587.
340
Calculate the remainder when 494 is divided by 118.
22
Calculate the remainder when 406 is divided by 61.
40
Calculate the remainder when 163 is divided by 32.
3
Calculate the remainder when 1116 is divided by 112.
108
Calculate the remainder when 172 is divided by 31.
17
What is the remainder when 78 is divided by 34?
10
What is the remainder when 4441 is divided by 887?
6
Calculate the remainder when 394 is divided by 23.
3
Calculate the remainder when 2681 